*v + 59. What is t(30)?
-1
Let h(p) = -p**3 + 9*p**2 + 17*p - 65. What is h(10)?
5
Let o(w) = -47*w - 96. What is o(-5)?
139
Let q(f) = 12*f**2 + 29*f + 3. Calculate q(-2).
-7
Let a(y) = y**2 - 115*y - 17015. Determine a(-85).
-15
Let l(n) = n**3 - 28*n**2 + 68*n - 373. Calculate l(26).
43
Let x(y) = y**3 + 7*y**2 + 662*y + 3935. Give x(-6).
-1
Let u(b) = -b**2 + 161*b - 1229. Give u(8).
-5
Let f(a) = -18*a + 60. Determine f(28).
-444
Let k(t) = -t**3 + 83*t**2 - 318*t + 12663. What is k(81)?
27
Let p(x) = -2*x**2 + 6*x + 259. Calculate p(-10).
-1
Let w(o) = -o**3 + 9*o**2 - 14*o + 18. Calculate w(9).
-108
Let k(w) = 129*w + 636. Give k(-5).
-9
Let z(v) = 284*v - 34377. Give z(121).
-13
Let o(x) = 3*x**2 - 69*x - 1259. What is o(35)?
1
Let z(k) = 570*k + 4476. What is z(-8)?
-84
Let h(z) = -2*z**3 - 15*z**2 + 35*z - 129. Determine h(6).
-891
Let g(y) = -y**3 + 8*y**2 - 25*y + 30. Determine g(3).
0
Let z(t) = -4*t**2 + 46*t - 31. Calculate z(11).
-9
Let q(x) = -2*x**2 - 42*x + 1337. What is q(17)?
45
Let r(c) = -c**2 + 161*c - 4265. Calculate r(34).
53
Let p(m) = m**3 + 19*m**2 + 2875*m + 51438. What is p(-18)?
12
Let a(i) = i**3 - 113*i**2 + 63*i + 5494. Determine a(112).
6
Let t(x) = -25*x - 38. Determine t(-1).
-13
Let s(d) = d**2 - 73*d - 262. What is s(0)?
-262
Let b(r) = -53*r**2 + 1207*r + 1206. Determine b(-1).
-54
Let x(w) = 26*w + 5. Determine x(-9).
-229
Let l(i) = -73*i**2 - 145*i - 2. Determine l(-2).
-4
Let x(m) = -2*m**2 - 24*m + 541. Give x(19).
-637
Let z(r) = -2*r**3 - 40*r**2 - 199*r - 2. Give z(-10).
-12
Let v(c) = c**3 + 14*c**2 + 14*c + 16. Give v(-12).
136
Let t(r) = -99*r + 18. What is t(0)?
18
Let z(a) = -a - 181. Calculate z(-20).
-161
Let i(f) = -f**3 - 6*f**2 - 693*f - 5672. What is i(-8)?
0
Let g(y) = -y**3 - y**2 - 14*y + 9. Determine g(0).
9
Let j(l) = -2*l**2 - 113*l - 738. What is j(-49)?
-3
Let g(t) = -t**2 + 5*t + 39. Determine g(-4).
3
Let z(i) = -4*i**3 - 8*i**2 + 137*i + 280. Calculate z(-2).
6
Let f(j) = -7*j**2 + 302*j - 1099. Determine f(39).
32
Let b(x) = -32*x + 2182. What is b(78)?
-314
Let m(l) = 6*l**3 - 6*l**2 - 5*l. Calculate m(-4).
-460
Let s(j) = -j**3 + 8*j**2 - 81. Give s(9).
-162
Let o(t) = -3*t**2 + 6. Give o(1).
3
Let i(d) = 22*d - 185. Give i(17).
189
Let w(f) = 90*f - 19171. Give w(213).
-1
Let l(q) = -30*q + 411. Calculate l(8).
171
Let k(l) = 2*l**2 - 75*l - 1444. What is k(-14)?
-2
Let s(a) = 140*a - 341. What is s(0)?
-341
Let o(r) = -267*r - 3463. Give o(-13).
8
Let k(b) = 146*b - 6001. What is k(42)?
131
Let l(u) = 2*u**3 + 16*u**2 + 15*u + 302. Determine l(-9).
5
Let h(a) = -2*a**3 - 99*a**2 - 1115*a + 155. Determine h(-32).
-5
Let m(z) = 29*z**2 + 345*z - 47. Calculate m(-12).
-11
Let o(r) = -191*r**2 - 2866*r - 25. Give o(-15).
-10
Let l(q) = -q**2 - 7*q - 9. Give l(-6).
-3
Let l(p) = -431*p + 343. Determine l(1).
-88
Let p(t) = 214*t - 6863. Calculate p(32).
-15
Let y(s) = s**2 - 6*s - 55. What is y(0)?
-55
Let r(n) = -n**3 - 89*n**2 - 418*n + 217. Give r(-84).
49
Let z(q) = q**3 + 27*q**2 + 137*q - 60. Calculate z(-20).
0
Let r(w) = 13*w**2 + 64*w + 7. What is r(-5)?
12
Let q(f) = -16*f - 11. Determine q(-4).
53
Let w(i) = 73*i + 287. Calculate w(-4).
-5
Let y(t) = 5644*t + 208826. Determine y(-37).
-2
Let a(g) = -92*g + 448. Give a(5).
-12
Let o(w) = w**3 + 17*w**2 + 39*w + 12. Determine o(-14).
54
Let t(z) = -z**2 - 28*z - 194. Determine t(-11).
-7
Let j(g) = 4524*g + 22618. What is j(-5)?
-2
Let w(l) = -61*l**2 + 314*l - 22. What is w(5)?
23
Let u(p) = -1279*p + 44788. Give u(35).
23
Let a(h) = 156*h - 21549. What is a(138)?
-21
Let p(k) = -2*k**3 + 22*k**2 + 38*k + 152. What is p(13)?
-30
Let n(p) = 2*p**3 + 17*p**2 - 8*p - 120. Determine n(-3).
3
Let w(t) = 60*t + 454. Determine w(-8).
-26
Let x(c) = -2*c**3 - 98*c**2 + 648*c - 667. Determine x(-55).
-7
Let k(d) = 701*d + 2791. Calculate k(-4).
-13
Let s(j) = -2*j**2 + 10*j + 13. Determine s(-2).
-15
Let s(g) = 3*g**3 + 83*g**2 - 116*g - 34. Calculate s(-29).
-34
Let g(o) = -5*o**2 + 7*o - 15. Determine g(3).
-39
Let r(g) = -28*g**3 + 35*g**2 - 96*g - 9. What is r(3)?
-738
Let i(p) = 4*p**2 - 26*p + 49. What is i(2)?
13
Let y(c) = -c**3 + 41*c**2 + 559*c + 679. What is y(52)?
3
Let t(p) = -p**3 - 6*p**2 - 8. Give t(-6).
-8
Let u(v) = -2452*v - 51488. What is u(-21)?
4
Let x(f) = -500*f - 11021. Determine x(-22).
-21
Let k(d) = -d**3 - 12*d**2 - 27*d - 14. Determine k(-11).
162
Let j(n) = 48*n**2 + 99*n + 12. Determine j(-2).
6
Let f(l) = -10*l - 37. Calculate f(-6).
23
Let y(j) = j**3 + 2*j**2 - 38*j - 65. Determine y(-6).
19
Let z(i) = -2*i**2 - 158*i - 483. Determine z(-75).
117
Let u(a) = -19*a + 49. Calculate u(-10).
239
Let l(x) = -x**3 + 52*x**2 + 167*x - 117. Give l(55).
-7
Let g(z) = -18*z + 1348. Give g(74).
16
Let o(u) = u**3 + 6*u**2 + 5*u + 19. Calculate o(-8).
-149
Let c(u) = -11*u + 1434. Calculate c(135).
-51
Let k(i) = -i**2 + 40*i - 112. Determine k(37).
-1
Let w(c) = -2*c - 73. Give w(-17).
-39
Let b(j) = -272*j + 160. Calculate b(1).
-112
Let u(d) = -4*d**2 - 5*d - 63. Determine u(-6).
-177
Let y(l) = -2*l**3 + 22*l**2 + 1571*l + 147. What is y(-23)?
-14
Let q(a) = -44*a - 1346. Determine q(-30).
-26
Let m(z) = 1628*z - 9760. Calculate m(6).
8
Let u(w) = 8*w**3 + 273*w**2 + 33*w - 27. Calculate u(-34).
7
Let y(k) = 28*k + 168. Give y(-12).
-168
Let q(p) = -p**3 + 8*p**2 + 6*p - 22. Calculate q(8).
26
Let s(u) = u**3 - 14*u**2 + 57*u - 353. Determine s(11).
-89
Let n(p) = 165*p - 56. What is n(-1)?
-221
Let c(q) = -q**3 + 5*q**2 + 60*q - 308. Give c(6).
16
Let y(b) = 4*b - 135. Calculate y(34).
1
Let u(y) = -y**3 - 76*y**2 - 1251*y - 84. What is u(-24)?
-12
Let w(i) = 4*i**3 - 462*i**2 - 239*i + 828. What is w(116)?
16
Let a(v) = 3*v**2 - 22*v - 6. Give a(-6).
234
Let v(u) = -57*u - 60. Give v(4).
-288
Let o(a) = 3*a**3 - 48*a**2 - 3*a + 21. Determine o(16).
-27
Let t(z) = 91*z**2 - 24*z + 21. Give t(1).
88
Let q(n) = n**3 + 9*n**2 - 10*n + 13. Give q(-8).
157
Let t(r) = 3*r**3 - 4*r**2 + 2*r + 9. Calculate t(-3).
-114
Let v(d) = -3*d**2 + 36*d + 120. Determine v(-4).
-72
Let b(a) = 19*a**2 + 493*a - 4. Give b(-26).
22
Let k(x) = x**2 - 23*x + 78. Give k(7).
-34
Let y(s) = -4*s**2 + 423*s - 32. Calculate y(105).
283
Let t(w) = w**3 + 41*w**2 + 264*w + 5. Give t(-33).
5
Let p(a) = -15*a + 139. What is p(9)?
4
Let s(p) = -58*p - 470. Give s(-8).
-6
Let g(w) = 2*w**3 + 28*w**2 - 3*w - 51. Calculate g(-14).
-9
Let y(v) = v**3 + 5*v**2 - 138*v - 797. Calculate y(-6).
-5
Let v(u) = 82*u + 6129. Give v(-75).
-21
Let j(t) = 765*t - 58902. What is j(77)?
3
Let r(t) = -2*t**3 + 17*t**2 + 50*t - 391. Give r(9).
-22
Let i(c) = 25*c**2 - 35*c - 114. What is i(-3)?
216
Let u(j) = 2*j**2 - 113*j - 336. What is u(60)?
84
Let s(r) = r**3 + 6*r**2 - 44*r - 322. Calculate s(-7).
-63
Let h(k) = 87*k**3 - 3*k**2 - 17*k + 18. Calculate h(1).
85
Let i(k) = -k**3 + 14*k**2 - 4*k - 22. Give i(5).
183
Let b(t) = -5*t**2 - 59*t + 406. Give b(6).
-128
Let l(f) = 2*f**2 + 77*f + 429. What is l(-7)?
-12
Let a(b) = b**3 + 15*b**2 - 35*b - 36. Calculate a(-17).
-19
Let m(j) = 3*j**3 - 69*j**2 - 58*j - 345. Give m(24).
-9
Let x(a) = 236*a - 709. Determine x(3).
-1
Let g(t) = -4*t**3 - 13*t**2 - 2*t + 12. What is g(-3)?
9
Let i(c) = c**3 - 20*c**2 + 31*c - 433. Calculate i(20).
187
Let f(b) = -92*b + 1459. Determine f(22).
-565
Let n(z) = 7*z**2 - 29*z - 36. Give n(5).
-6
Let v(c) = -8*c**2 - 51*c + 10. What is v(-7)?
-25
Let c(h) = -120*h - 17893. Determine c(-149).
-13
Let n(k) = 1460*k + 19. Calculate n(0).
19
Let c(v) = v - 91. What is c(23)?
-68
Let o(u) = -2*u - 73. What is o(-21)?
-31
Let h(t) = -t**2 + 164*t - 5704. Calculate h(50).
-4
Let i(k) = k**3 - 7*k**2 - 6*k - 11. Determine i(-2).
-35
Let j(o) = 17*o + 530. Calculate j(-32).
-14
Let y(m) = 4*m**2 + 787*m - 212. Calculate y(-197).
-15
Let p(a) = -2*a**3 + 31*a**2 - 10*a - 61. Determine p(15).
14
Let p(f) = -211*f**2 - 18*f + 2. What is p(-1)?
-191
Let y(k) = -69*k - 287. What is y(-5)?
58
Let d(a) = -11*a - 521. Give d(-44).
-37
Let n(w) = -2*w**3 + 221*w**2 + 333*w + 291. Give n(112).
-45
Let a(d) = -d**3 - 8*d**2 + 36*d + 181. Determine a(-5).
-74
Let m(c) = -3*c**3 - 121*c**2 - 32*c + 309. What is m(-40)?
-11
Let i(f) = -f**3 + 17*f**2 + 42*f - 20. Calculate i(-3).
